{"id":64,"date":"2012-01-07T11:48:22","date_gmt":"2012-01-07T10:48:22","guid":{"rendered":"http:\/\/fws-seth.de\/?page_id=64"},"modified":"2018-11-22T22:55:21","modified_gmt":"2018-11-22T21:55:21","slug":"seth","status":"publish","type":"page","link":"https:\/\/www.fws-seth.de\/?page_id=64","title":{"rendered":"Seth"},"content":{"rendered":"<div>\n<table border=\"0\">\n<tbody>\n<tr>\n<td>\n<h1>Wappen von Seth<\/h1>\n<p><a href=\"https:\/\/www.fws-seth.de\/wp-content\/uploads\/2012\/01\/140px-Seth_Wappen.png\"><img loading=\"lazy\" decoding=\"async\" class=\"alignnone size-full wp-image-208\" title=\"140px-Seth_Wappen\" src=\"https:\/\/www.fws-seth.de\/wp-content\/uploads\/2012\/01\/140px-Seth_Wappen.png\" alt=\"\" width=\"140\" height=\"155\"><\/a><\/td>\n<\/tr>\n<tr>\n<td>\n<table id=\"Vorlage_Infobox_Verwaltungseinheit_in_Deutschland\" summary=\"Infobox Gemeinde in Deutschland\" cellspacing=\"1\" cellpadding=\"2\">\n<tbody>\n<tr>\n<th colspan=\"2\">Basisdaten<\/th>\n<\/tr>\n<tr>\n<td>Bundesland:<\/td>\n<td>Schleswig-Holstein<\/td>\n<\/tr>\n<tr>\n<td>Kreis:<\/td>\n<td>Segeberg<\/td>\n<\/tr>\n<tr>\n<td>Amt:<\/td>\n<td>Itzstedt<\/td>\n<\/tr>\n<tr>\n<td>H\u00f6he:<\/td>\n<td>34&nbsp;m \u00fc.&nbsp;NN<\/td>\n<\/tr>\n<tr>\n<td>Fl\u00e4che:<\/td>\n<td>10,55&nbsp;km\u00b2<\/td>\n<\/tr>\n<tr>\n<td>Einwohner:<\/td>\n<td>1.975&nbsp;<small><em>(31.&nbsp;Dez.&nbsp;2014)<\/em><\/small><\/td>\n<\/tr>\n<tr>\n<td>Bev\u00f6lkerungsdichte:<\/td>\n<td>183 Einwohner je km\u00b2<\/td>\n<\/tr>\n<tr>\n<td>Postleitzahl:<\/td>\n<td>23845<\/td>\n<\/tr>\n<tr>\n<td>Vorwahl:<\/td>\n<td>04194<\/td>\n<\/tr>\n<tr>\n<td>Kfz-Kennzeichen:<\/td>\n<td>SE<\/td>\n<\/tr>\n<tr>\n<td>Gemeindeschl\u00fcssel:<\/td>\n<td>01 0 60 076<\/td>\n<\/tr>\n<tr>\n<td>Adresse der Amtsverwaltung:<\/td>\n<td>Segeberger Stra\u00dfe 41<br \/>\n23845 Itzstedt<\/td>\n<\/tr>\n<tr>\n<td>Webpr\u00e4senz:<\/td>\n<td>www.gemeinde-seth.de<\/td>\n<\/tr>\n<tr>\n<td>&nbsp;<\/td>\n<td>&nbsp;<\/td>\n<\/tr>\n<\/tbody>\n<\/table>\n<\/td>\n<\/tr>\n<\/tbody>\n<\/table>\n<hr>\n<\/div>\n<div>Der Krug im Wappen von Seth stellt einen etwa 3.000 Jahre altes Fundst\u00fcck aus dem Sether Moor dar.<br \/>\nDie&nbsp;Moorpflanze zeigt den besonderen Bezug der Gemeinde zum Moor.<br \/>\nDie Gemeinde Seth geh\u00f6rte nach einer Erbteilung neben S\u00fclfeld, Grabau, Oering und Heidkrug zum Gut Borstel.<br \/>\nAb 1771 entlie\u00df der damalige Gutsbesitzer, Graf von Bernstorff, die Bauern in mehreren Schritten aus der Leibeigenschaft.<br \/>\nEs folgten dann f\u00fcr die Bauern zuerst Zeitpachten, anschlie\u00dfend Erbpachten und danach Grundrentenverh\u00e4ltnisse zum Gut Borstel.<br \/>\nDie Entwicklung Seths ist auch durch das Sether Moor stark bestimmt gewesen. \u00dcber Jahrhunderte haben die Sether dort Brenntorf abgebaut.<br \/>\nNach dem ersten Weltkrieg wurde das Moor als Brenntorfquelle f\u00fcr Hamburg genutzt.Kurz nach dem zweiten Weltkrieg begann eine schnelle Wohnbauentwicklung in Seth, da f\u00fcr viele Fl\u00fcchtlinge und Heimatvertriebe hier eine neue Heimat entstand. Gleichzeitig entstanden bei der schnell wachsenden Brotfabrik viele zus\u00e4tzliche Arbeitspl\u00e4tze, sodass die Bev\u00f6lkerungszahl der Gemeinde Seth von 1.040 Einwohnern im Jahr 1960 auf fast 1.700 Einwohner im Jahr 1984 anwuchs.Seitdem steigt die Einwohnerzahl im \u00fcberschaubaren Rahmen. Auch zuk\u00fcnftig ist stetiges Wachstum geplant.<br \/>\nDerzeit hat die Gemeinde Seth ca. 2.000 Einwohner.Die heutige Struktur Seths wird neben der Landwirtschaft, sowie einer Vielzahl von leistungsstarken Handwerks- und Dienstleistungsbetrieben von einer Wohnfunktion f\u00fcr Berufspendler aus der Metropolregion Hamburg bestimmt.Seth hat ein ausgepr\u00e4gtes Vereinsleben anzubieten, wie Sportverein, Tennisverein, Sch\u00fctzenverein, Gesangsvereine f\u00fcr M\u00e4nner und Frauen, Seniorenclub, Sozialverband Deutschland, Landfrauenverein, kleine sether e.V.und Jagdverein.<br \/>\nDer Kindergarten verf\u00fcgt \u00fcber drei Kindergartengruppen. Weiter befindet sich noch die Grundschule mit Betreuter Grundschule f\u00fcr die Orte Seth und S\u00fclfeld im Ort.Seth ist durch den \u00f6ffentlichen Nahverkehr an das Umland angeschlossen.Seth geh\u00f6rt zur Kirchengemeinde Seth- Stuvenborn- Sieversh\u00fctten, die die Andreas Kirche im Ort unterhalten.Seth verf\u00fcgt \u00fcber einen gemeindeeigenen Friedhof.Die Gemeinde wird auch in Zukunft weiter kontinuierlich wachsen. Darum hat die Gemeinde &nbsp;einen Fl\u00e4chennutzungsplan beschlossen, der das Wachstum sicherstellen kann.<\/p>\n<p>Als Dorf im Gr\u00fcnen hat Seth einige Vorteile zu bieten. Insbesondere diese Lage am Rande der Metropolregion Hamburg und die direkte N\u00e4he zu einer beispielhaften Knick- und Moorlandschaft ergeben den<br \/>\nbesonderen Reiz, in Seth zu wohnen.<\/p>\n<\/div>\n<div>&nbsp;<\/div>\n<div>Quelle&nbsp;<a href=\"http:\/\/www.gemeinde-seth.de\/\">http:\/\/www.gemeinde-seth.de\/<\/a><\/div>\n<p>&nbsp;<\/p>\n","protected":false},"excerpt":{"rendered":"<p>Wappen von Seth Basisdaten Bundesland: Schleswig-Holstein Kreis: Segeberg Amt: Itzstedt H\u00f6he: 34&nbsp;m \u00fc.&nbsp;NN Fl\u00e4che: 10,55&nbsp;km\u00b2 Einwohner: 1.975&nbsp;(31.&nbsp;Dez.&nbsp;2014) Bev\u00f6lkerungsdichte: 183 Einwohner je km\u00b2 Postleitzahl: 23845 Vorwahl: 04194 Kfz-Kennzeichen: SE Gemeindeschl\u00fcssel: 01 0 60 076 Adresse der Amtsverwaltung: Segeberger Stra\u00dfe 41 23845 Itzstedt Webpr\u00e4senz: www.gemeinde-seth.de &nbsp; &nbsp; Der Krug im Wappen von Seth stellt einen etwa 3.000 [&hellip;]<\/p>\n","protected":false},"author":67,"featured_media":0,"parent":0,"menu_order":0,"comment_status":"open","ping_status":"open","template":"","meta":{"footnotes":""},"class_list":["post-64","page","type-page","status-publish","hentry"],"_links":{"self":[{"href":"https:\/\/www.fws-seth.de\/index.php?rest_route=\/wp\/v2\/pages\/64","targetHints":{"allow":["GET"]}}],"collection":[{"href":"https:\/\/www.fws-seth.de\/index.php?rest_route=\/wp\/v2\/pages"}],"about":[{"href":"https:\/\/www.fws-seth.de\/index.php?rest_route=\/wp\/v2\/types\/page"}],"author":[{"embeddable":true,"href":"https:\/\/www.fws-seth.de\/index.php?rest_route=\/wp\/v2\/users\/67"}],"replies":[{"embeddable":true,"href":"https:\/\/www.fws-seth.de\/index.php?rest_route=%2Fwp%2Fv2%2Fcomments&post=64"}],"version-history":[{"count":11,"href":"https:\/\/www.fws-seth.de\/index.php?rest_route=\/wp\/v2\/pages\/64\/revisions"}],"predecessor-version":[{"id":3301,"href":"https:\/\/www.fws-seth.de\/index.php?rest_route=\/wp\/v2\/pages\/64\/revisions\/3301"}],"wp:attachment":[{"href":"https:\/\/www.fws-seth.de\/index.php?rest_route=%2Fwp%2Fv2%2Fmedia&parent=64"}],"curies":[{"name":"wp","href":"https:\/\/api.w.org\/{rel}","templated":true}]}}